- -15)*(-2)/4. Calculate m(n).
1
Let d(m) = -m**2 + 7*m + 6. Let j be d(8). Let u be (-6)/(j/(-3)*-3). Suppose 2*q + 2*h = 0, -u*q = -2*h + h + 16. Let t(a) = -a**3 - 4*a**2 + 1. Give t(q).
1
Let a(n) = n. Let c(h) = h - 3. Let w(p) = p**2 - 3*p - 2. Suppose -3*x + 3 + 3 = 0. Let r be w(x). Let b be c(r). Determine a(b).
-7
Let w(z) = z**2 + z - 4. Suppose 4*j - 2*s + 5*s + 97 = 0, 5*j + 2*s + 123 = 0. Let l = 36 + j. Let k = -15 + l. What is w(k)?
8
Let d(h) be the second derivative of h**3/6 + h**2/2 - 2*h + 43. Give d(4).
5
Let o(n) = n**3 - 9*n**2 + 7*n - 9. Suppose 12*h - 10*h - 16 = 0. Calculate o(h).
-17
Let z(j) = j**2 - 14*j - 4. Let i(s) = 2*s. Let f(y) = 4*i(y) + z(y). What is f(6)?
-4
Suppose 0 = -4*z + 4*p - 0*p - 4, 3*z - 2*p + 1 = 0. Let l be z - (-1 + 4)/(-3). Let g(m) = 0*m**3 - 7*m**2 + 5*m**2 - 2*m**3 - m + l + m**3. Give g(-2).
4
Let l(v) = -v + 1. Let i(g) = -2*g + 4*g + 5*g - g - 4. Let u(q) = -i(q) - 2*l(q). Calculate u(5).
-18
Let o(b) = -b**3 + 22*b**2 - 2*b + 43. Suppose 5*m - 9*m + x = -91, -3*x = 2*m - 35. Give o(m).
-1
Suppose -3*o = -8 + 5. Let j(y) = -2*y**2 + o + y**2 + 0 - y**3 - 6*y + 4*y. Determine j(-2).
9
Let x(y) be the first derivative of -1/2*y**2 + 0*y - 33. Suppose 0*l - 18 = 5*n - 2*l, -l - 5 = n. Give x(n).
4
Let t(o) = 5*o - 2. Suppose 0 = 9*y - 0*y + 45. Give t(y).
-27
Suppose -19 - 65 = -2*b. Let g = b - 45. Let n(o) = 6*o + 4. Give n(g).
-14
Suppose 0 = v + 3*x + 2 - 11, 3*v + 23 = x. Let h(p) = 7*p. Calculate h(v).
-42
Let c(x) = x**3 - 5*x**2 - 15*x + 8. Let s be c(7). Let t be (7 - 1 - -1)*s. Let i(v) = v**3 - 6*v**2 - 5*v - 6. Calculate i(t).
8
Let y(a) = -a**2 + a + 1. Let c(s) = -7*s**2 + 11*s + 3. Let m(l) = -c(l) + 6*y(l). Let g(n) be the first derivative of m(n). Calculate g(-6).
-17
Let t(f) = 46*f**2 + f - 2*f + 0*f + 55*f**2 - 99*f**2 + 5. Give t(3).
20
Let v(d) = d**2 + 7*d - 3. Suppose -5*z - 16 = -3*z - 3*b, -b = 0. Calculate v(z).
5
Suppose 5*s - d - 4 = 0, -3*d = -0*s - 4*s + 12. Let a(m) = -m**2 - m + 40. Determine a(s).
40
Suppose -29 = -4*i - 9. Suppose 16 = 7*l - 5. Let u(z) = -i + 4*z**3 + 4*z**3 + 6*z + 5*z**l - 4*z**2 - 14*z**3. Calculate u(-5).
-10
Let o(d) be the third derivative of d**6/120 - d**5/60 + d**4/24 + 2*d**3/3 - 97*d**2. Give o(0).
4
Let f(h) = -2*h**3 + h**2 + 2*h + 2. Let q(k) = 7*k**2 - k + 1. Let t be q(1). Let n(y) = -y + 5. Let s be n(t). Calculate f(s).
18
Let d(u) = -4 + 1 + 9*u + 1. Let f = 948 - 946. Give d(f).
16
Let u = -543 + 549. Let z(g) = -3*g + 6. Give z(u).
-12
Let h(i) = i + 5. Suppose 2*x + 4*l = 10, -5*l - 20 = -4*x - 0. Suppose -b + 1 = -x. Suppose v - 2 = -b. Calculate h(v).
1
Let s(a) = 2*a + 2. Let d be s(1). Let v(w) = d*w - w**3 + 9*w**2 - 3*w**2 - 4*w**2. Calculate v(3).
3
Let z(i) be the first derivative of -i**2/2 + 3*i - 66. Determine z(-3).
6
Let a(m) be the third derivative of m**4/12 + 7*m**3/6 - 11*m**2 + 14. Calculate a(5).
17
Let f(a) = -7 - a**3 - 289*a + 595*a - 14 - 292*a - 14*a**2. Let k = 38 + -53. Determine f(k).
-6
Let d(r) be the first derivative of 2*r**3/3 + 23*r**2/2 + 28*r - 762. Calculate d(-10).
-2
Let l(y) = y**3 - 4*y**2 + y + 2. Let x(r) = -r**3 - 5*r**2 - 7*r - 10. Let b be x(-5). Suppose b*k = 17*k + 16. Calculate l(k).
-4
Let j(m) = -m**3 - 6*m**2 + 2*m + 7. Let t = -43 - -68. Let x be 1/4 - 1/4*t. What is j(x)?
-5
Let l(n) = 48*n - 135*n + 46*n - 8 + 39*n. Give l(-7).
6
Let d = 13 - 11. Suppose 2*w - d*h - 29 = -5*h, 4*w = -3*h + 43. Let j(f) = 0*f**3 - f + 5*f**2 + w - 3*f**3 + 3*f**3 - f**3. Calculate j(5).
2
Let j = -365 - -360. Let x(u) = u**2 + 8*u + 7. Determine x(j).
-8
Let s(y) = -3*y**3 + 6*y**2 - y - 6. Let j(o) = 4*o**3 - 7*o**2 + o + 7. Let p(k) = -2*j(k) - 3*s(k). Suppose -2*g = -0*g - 8. Give p(g).
8
Let a(k) = 8 - 41*k**2 - k + 15*k**2 - k**3 + 29*k**2 + 14*k**2. What is a(17)?
-9
Let h(g) be the second derivative of -g**3/6 + 2*g**2 - 587*g + 2. Let s(w) = -w**3 + 6*w**2 + 5*w + 9. Suppose j + 4*j = 35. Let c be s(j). Give h(c).
9
Suppose -2*l + 15 = l. Let j(p) = 7*p**2 - l + 0 + 9*p + 5*p**3 - 6*p**3. Suppose -4 + 11 = -v - 5*y, -4*v + 2*y = -38. What is j(v)?
3
Let k(c) = 11*c + 15. Let i(m) = -7*m - 10. Let s(l) = -8*i(l) - 5*k(l). Let q be ((-138)/(-15) + -8)*20/(-6). Let d be 65/(-39)*(q + 1). Calculate s(d).
10
Let f(j) = -2*j + 4 + 3*j - 6. Suppose -37*x - 38*x = 450. Calculate f(x).
-8
Let o(k) = -k**3 - k + 3. Let j be o(0). Let v(g) = 4*g**3 + 5*g**2 - 16*g. Let b(h) = -h**3 - h**2 + 4*h. Let n(w) = 9*b(w) + 2*v(w). Give n(j).
-6
Let x be 2/8 + (-749)/(-28). Let o(f) = -x + 10 + 10 + f. Determine o(3).
-4
Let j(a) = a**2 - 4*a + 1. Let h(f) be the third derivative of -f**5/60 + f**4/6 + 7*f**3/6 + 77*f**2. Let y = -6 + 11. Let m be h(y). Give j(m).
-3
Let q(b) = -b**3 + 5*b**2 - 5*b + 3. Let w = -1 - -4. Let d = 222 - 219. Suppose -2*l = -7*l + 2*x + 13, w*l - d*x - 6 = 0. Give q(l).
6
Let c(t) = 2*t + 6. Suppose -v = 7 - 11. Let o be (-11 + 0 - -3) + v. Determine c(o).
-2
Let i be (-86)/(-18) - (-16)/72. Suppose -i*w = z - 7 - 1, 0 = 5*w + 4*z - 2. Let x(l) = 6 + 3*l**w + l - 2*l**2 - 5*l. Determine x(4).
6
Suppose -2*h + 17 = -5*w, 0 = 2*h + h + 2*w - 54. Suppose -4*v + h = 12. Let z(o) = -6*o + 1. Calculate z(v).
-5
Let j(r) be the first derivative of r**5/20 - r**4/12 - 2*r - 31. Let o(l) be the first derivative of j(l). Give o(-2).
-12
Let p(y) = -46*y - 10*y + 59*y. Suppose z + 6 = 2*m - 3, -z - 5 = -m. Suppose -m*n = x - 11, -2*x + 5 = 3*n - 7. Calculate p(n).
6
Let t(l) = -l**3 + 4*l**2 - 2*l + 3. Let m(h) = -3*h**3 - 6*h**2 - 3*h - 3. Let y be m(-4). Let a = 108 - y. Calculate t(a).
6
Suppose -2*c + c - 4 = -2*j, 2*j - 4*c - 10 = 0. Let x(t) = t**2 + t. Let o(v) = 24*v**2 + 12*v. Let f(g) = o(g) - 12*x(g). What is f(j)?
12
Let i(g) = -18*g**2 + 18*g - 1. Let t(j) = -29*j**2 + 28*j - 2. Let x(o) = -8*i(o) + 5*t(o). Let f = 2 + -2. Suppose f = -4*l + 1 - 21. Determine x(l).
-7
Let v = 7 + -6. Let t be v - (3 + 12/(-3)). Let n(h) = -2 + 0*h + 3*h**t + 0 + h + h**3. Give n(-3).
-5
Let i(m) be the first derivative of m**3/3 - 5*m**2/2 - 7*m + 389. Determine i(8).
17
Let c(v) be the first derivative of -v**2 - v - 196. Give c(-8).
15
Let j(m) = 13*m**2 - 18*m - 21. Let k(z) = 11*z**2 - 16*z - 21. Let f(y) = -5*j(y) + 6*k(y). Calculate f(9).
6
Let p(n) be the second derivative of 10*n + 1/20*n**5 + 1/2*n**2 + 0 + 1/12*n**4 + 1/3*n**3. Determine p(-2).
-7
Let r(g) = -g**2 - 3*g. Suppose 81*q + 42 = 84*q. Suppose 3*s = k - q, -s + 2*k = -3*s - 4. What is r(s)?
-4
Let j(t) be the first derivative of 4 + 5*t - 1/2*t**2. What is j(6)?
-1
Suppose 3*s = -n - 27, 2*n + 7 = -5*s - 37. Let p(u) = -u - 2. Calculate p(s).
8
Let u(y) be the second derivative of y**6/360 + y**5/20 + 13*y**3/6 - 10*y. Let c(n) be the second derivative of u(n). Determine c(-3).
-9
Let x(k) = k + 1. Let i be (-162)/(-21) - (-2)/7. Give x(i).
9
Let i(h) be the first derivative of h**4/4 - 7*h**3/3 + 7*h**2/2 - h + 94. What is i(6)?
5
Let v(l) = 7*l**2 + 2*l - 5. Let b(f) = 20*f**2 + 6*f - 14. Let x(r) = -6*b(r) + 17*v(r). Calculate x(-6).
-25
Let j(k) = -2*k**2 - k + 2. Let f(r) = -3*r**2 - 2*r + 3. Let t(w) = 3*f(w) - 4*j(w). Let b(x) = 6*x**2 + 11*x - 4. Let p(a) = -2*b(a) - 11*t(a). Give p(0).
-3
Let l(c) = -c**2 + 2*c + 1. Let b(t) be the first derivative of 2*t**3/3 - 3*t**2/2 - 3*t - 13. Let a(f) = 3*b(f) + 5*l(f). Determine a(3).
8
Let p(m) be the first derivative of m**4/12 - 3*m**3/2 + 5*m**2/2 - 44*m + 3. Let k(x) be the first derivative of p(x). Calculate k(8).
-3
Let y(n) = 19*n**3 + 18*n**2 + 11*n - 8. Let a(w) = -11*w**3 - 10*w**2 - 6*w + 4. Let i(r) = 7*a(r) + 4*y(r). Suppose 4*u + 3 = 15. Calculate i(u).
-7
Let o(j) = 2*j**2 + 7*j + 6. Suppose 2*z + 8 = -0. Give o(z).
10
Let m(s) = -7*s**3 + 5*s**2 + 8*s + 5. Let t(k) = -12*k**3 + 11*k**2 + 16*k + 11. Let g(n) = 5*m(n) - 3*t(n). What is g(9)?
1
Let f(o) be the third derivative of o**6/120 + o**5/12 - 5*o**4/24 + 5*o**3/6 + o**2 - o. Calculate f(-6).
-1
Let v(k) = -2*k**3 - 4*k**2 - 3*k - 2. Suppose 2*t = -5*n + t + 9, -n - 3 = 5*t. Suppose 0 = -5*p - 4*m - n + 8, -12 = -2*p - 4*m. What is v(p)?
4
Let l(v) = -6*v - 3 - 7*v + 2*v - 2 + 13*v. What is l(-9)?
-23
Let q = 70 + -72. Let b(v) = 2*v + 1. Determine b(q).
-3
Let j = 1217 + -1215. L